se -3*a = -0*k - 5*k - 116, 0 = -4*a - 4*k + 176. Let s = a + f. Calculate the remainder when 33 is divided by s.
7
Suppose 39*f + w = 36*f + 133, 21 = f - 3*w. What is the remainder when 3401 is divided by f?
41
Suppose 17*x = -5*x + 2860. Let n(s) = -2*s**3 - 4*s**2 - 2*s + 1. What is the remainder when ((-52)/x)/((-1)/45) is divided by n(-2)?
3
Let v(d) = 39*d**2 + 23*d - 60. Let h be v(3). Suppose 123*y - h = 120*y. Calculate the remainder when y is divided by 18.
12
Suppose y = -4*r - 12 + 68, 0 = y - 4*r - 40. Suppose -f + 57 = y. Suppose 4*d + 2*i - 4*i = 88, 34 = 2*d + 4*i. What is the remainder when d is divided by f?
3
Let a(z) = -10*z**2 + 39*z + 2. Let d be a(-4). Let k = d + 391. Calculate the remainder when k is divided by 27.
23
Let w = 918 + -899. Calculate the remainder when 1474 is divided by w.
11
Let b be (36/(-21))/((-6)/1428). Suppose b = -237*y + 245*y. What is the remainder when y is divided by (6/(-5))/(2/(-10))?
3
Suppose 14 = -41*h + 34*h. Calculate the remainder when 66/h*26/(-39) is divided by 10.
2
Suppose 27 = f + 5*x, 2*x = 2*f - 3*f + 18. Suppose n = 39 - f. Suppose 2*m = -3 + n. What is the remainder when 22 is divided by m?
10
Let y be ((-16)/(-1) + -4)*3. Let c = 136 - y. What is the remainder when c is divided by (34/(-8))/(2/(-16))?
32
Suppose 0 = -2*l - 2, 3*l - 7 = -2*h. Suppose 0*o - 5*m = 4*o - 33, 0 = h*o + 2*m - 54. Let k = 4 + 1. Calculate the remainder when o is divided by k.
2
Let j(u) = 412*u + 5410. Calculate the remainder when 105 is divided by j(-13).
51
Let p = 427 + -124. Suppose 12*h - 32 = 10*h. Calculate the remainder when p is divided by h.
15
Suppose -2*i = 5*x + 8, -4*x - 1 = 15. Let y be 53/3 - i/9. Suppose -6*r = -y - 43. What is the remainder when 24 is divided by r?
4
Let c(q) = -12*q - 3. Let r be c(1). Let n be r/90 + 26/12. Suppose -3*b - 5*z + 63 = -z, -n*b - 5*z + 35 = 0. Calculate the remainder when b is divided by 3.
1
Suppose -2 = 2*y, 33*p + 142 = 34*p + 4*y. Calculate the remainder when 379 is divided by p.
87
Let v(f) = 31*f**2 - 1768*f + 74. What is the remainder when 1407 is divided by v(57)?
13
Suppose -31*m - 1349 = -102*m. What is the remainder when 473 is divided by m?
17
Let j = 22 - 14. Suppose 2 = -2*h + j. Let l = -29593 + 29622. What is the remainder when l is divided by h?
2
Suppose -2*a + 3*t + 24 = 4*t, 3*a + t = 35. Suppose -6*i - a*i = -1020. What is the remainder when i is divided by 22?
16
Let l(j) = -11*j - 6. Calculate the remainder when ((-4)/6)/((-168783)/2065401 - (-2)/26) is divided by l(-5).
41
Let u = 1 - 10. Let x(p) be the first derivative of -13*p**2/2 - 30*p + 3. Calculate the remainder when x(u) is divided by 30.
27
Suppose 43*w - 1190 + 29 = 0. Calculate the remainder when 868 is divided by w.
4
Let z = 167 - 151. Suppose k - z = -3*h - 2, 0 = -5*h + 4*k + 29. Calculate the remainder when 10 is divided by h.
0
Suppose 0 = -21*w - 4*w + 150. Suppose c - 112 = 2*u, 0 = -7*c + w*c - 4*u + 100. What is the remainder when c is divided by 5?
3
Suppose n - 54 + 46 = 0. Let a(k) = 3*k**2 - 5*k + 26. Let p be 2*((-4)/(-4) - -1). What is the remainder when a(p) is divided by n?
6
Suppose -11*s + 8*s + 69 = 0. Suppose 0 = -p + 22 + s. Calculate the remainder when 218 is divided by p.
38
Let a(m) = 10*m - 57. Calculate the remainder when (8 - 350/(-28))/(2/8) is divided by a(10).
39
Let y(o) = o**3 + 7*o**2 - 4*o - 8. Let n be y(6). Let m = n + -398. What is the remainder when m is divided by 8?
6
What is the remainder when ((-26810)/25 - -8)/(-6*2/40) is divided by 21?
20
What is the remainder when -12 - 10 - -44 - -175 is divided by 117?
80
Suppose 0 = 59*o + 50*o - 27*o - 1312. Let g(v) = -2*v**3 - 2*v**2 + 4*v - 2. Calculate the remainder when g(-4) is divided by o.
14
Suppose 0 = 2*d - 3 - 7. Suppose 0 = d*y - 6*y + 4. Suppose 4*n = 3*j + 32, y = 5*n + 4*j - 5. What is the remainder when 13 is divided by n?
3
Let p(n) = -2*n**3 - 41*n**2 - 33*n + 22. What is the remainder when p(-20) is divided by 135?
12
Let o(s) = -s**2 - 90*s - 255. Let u = 135 - 46. What is the remainder when u is divided by o(-87)?
5
Let k(j) = -j**2 + 13*j + 87. Let i be k(0). Let g = i - 75. Calculate the remainder when 59 is divided by g.
11
Suppose -519*x + 515*x + 200 = 4*y, 0 = -4*y - 5*x + 198. Suppose z = 4*z + 33. Let i = 17 + z. What is the remainder when y is divided by i?
4
Suppose 2*w - z = 7*w - 153, 0 = -2*w - 3*z + 69. Suppose 4*c - w = 2*c + 2*p, 4*c - 2*p = 56. What is the remainder when 163 is divided by c?
7
Let c(b) = -19*b + 270. What is the remainder when 202 is divided by c(13)?
18
Calculate the remainder when 1122 is divided by 5/(-6) - 8060/(-312).
22
Let x be (-1)/(-2)*2*18. Let w(m) = -2 + 15 - m**2 - x - 15 + 16*m. What is the remainder when w(10) is divided by 14?
12
Let s(j) = -43*j**3 - j**2 + 1. Let z be 12/((-22)/8 - -2). Calculate the remainder when s(-1) is divided by (6/(-3))/(z/72).
7
Suppose 2*i + 9 = 9. Suppose i = -5*w + 169 + 86. Calculate the remainder when w is divided by 15.
6
Suppose -6*a - 313 = -853. Suppose 0 = 3*t - 5*y - a, 38 = -2*t + 3*t + y. Let z = 12 - 8. Calculate the remainder when t is divided by z.
3
What is the remainder when ((-410)/(-14) - (-6)/(-21))*(-3 + 17) is divided by 134?
4
Suppose 729*t = 736*t - 462. What is the remainder when 185 is divided by t?
53
Let x be 2*18/(-60)*-5. Suppose 0 = x*c - 963 + 234. Suppose -5*l = -4*l - 49. Calculate the remainder when c is divided by l.
47
Suppose -l = s + s - 19, -2*s = -4*l - 34. What is the remainder when ((-2 - -165)*-2)/(-2) is divided by s?
9
Let w = 810 - 659. Calculate the remainder when 900 is divided by w.
145
Suppose m - 25 = -4*o, 5*m + 6 = 2*o + 43. Suppose 11*w + 30 = m*w. Let y = w - -41. Calculate the remainder when y is divided by 8.
2
Suppose x - u + 5*u = 68, 3*u - 311 = -4*x. Calculate the remainder when 1589 is divided by x.
69
Let w = -5551 + 6787. What is the remainder when w is divided by 68?
12
Suppose -30 = 3*s - 48. Let x be (s/(-5))/(58/(-145)). Suppose -71 + 17 = -5*v + 3*u, -x*v + 3*u + 36 = 0. What is the remainder when 35 is divided by v?
8
Let z = 636 + -630. Calculate the remainder when 240 is divided by (5 - z) + 0 + 11 + 1.
9
Let i = 1428 - 1371. Let j(m) = -4*m + 1. Let k be j(-1). Suppose -k*w + 10 = -4*w. Calculate the remainder when i is divided by w.
7
Let u = 3 + 0. Let t be 26 - (8/(-44) - (-40)/(-22)). Let z(r) = r**3 - 29*r**2 + 29*r - 18. Calculate the remainder when z(t) is divided by u.
1
Let g(y) = y**3 - 156*y**2 - 134*y - 641. What is the remainder when g(157) is divided by 48?
42
Suppose 69 = 5*i - 106. Let h = 821 + -585. What is the remainder when h is divided by i?
26
What is the remainder when (-22)/(-8) + 2 + (-312)/416 + 8014 is divided by 27?
26
Suppose i - 35 = -3*x, 0 = 3*i - x - 36 - 69. Calculate the remainder when 1818 is divided by i.
33
Let g(n) = 4*n + 11. Let q = -39 - -12. Let a = q + 44. Calculate the remainder when g(5) is divided by a.
14
Suppose 29029 = 50*p - 20924 + 16153. Calculate the remainder when 1360 is divided by p.
8
Suppose -14*y + 13*y + 7 = 0. Suppose 211 = y*q + 57. What is the remainder when 82 is divided by q?
16
Let b(d) = 52*d**2 - 115*d**2 + 3 + 13*d + 60*d**2. Suppose 7 = p + 3. What is the remainder when 33 is divided by b(p)?
5
Suppose -27*y = 179*y - 6592. Calculate the remainder when 8894 is divided by y.
30
Let j(i) = 5*i**2 + 35*i + 193. What is the remainder when 657 is divided by j(-4)?
125
Let u be 3/(-6)*-3*(-1 - -3). Calculate the remainder when -2*115/(-20)*6/u is divided by 16.
7
Let k(x) = -118*x + 6970. Suppose j - 3*j + 3*n = -257, 5*j + 4*n = 631. Calculate the remainder when j is divided by k(59).
7
Let z = -72 + 80. Suppose -133 = -z*q + q. Suppose -k - o + 16 = -0*o, -k - 4*o = -31. What is the remainder when q is divided by k?
8
Calculate the remainder when (-685 + 9 + 11 + -6)*(-2 - 1) is divided by 16.
13
Let r = -10 - -91. Let u = -311232 + 311249. Calculate the remainder when r is divided by u.
13
Suppose 4*q - 38 = 42. Suppose -13*d + 40 - 1 = 0. Suppose -3 = -4*l + d*l + m, l - 3*m = -5. Calculate the remainder when q is divided by l.
6
Suppose 1418 = v + 5*n, 2*v - n - 762 - 2074 = 0. What is the remainder when v is divided by 33?
32
Suppose